umber?
False
Let b(k) be the first derivative of k**4 + k**3 + 11*k**2/2 + k - 50. Is b(5) prime?
True
Let j(o) = -993*o - 5672*o + 34 + 1111*o - 414*o. Is j(-4) prime?
False
Suppose 5*g - 8 - 37 = 0. Suppose -14 = -m - 2*q, -3*m + 2*m - q + g = 0. Let y(l) = 125*l**2 - l - 9. Is y(m) a composite number?
False
Suppose -71*n - 145911 = -122*n. Is n a prime number?
True
Suppose 2*r = 5*w + 14856, -7439 = -6*r + 5*r - 3*w. Is r prime?
True
Let p(l) = 8*l**2 - 5*l**2 + l**3 - 10*l**2 + 1 + 10 + 7*l. Suppose 3*q - 4*h = 2*q, h - 2 = 0. Is p(q) a composite number?
False
Suppose 266453 = -1865*k + 1876*k. Is k composite?
False
Let u be (7/21)/(2/(-36)). Is 7780/u*63/(-42) a composite number?
True
Let s be (10/4)/(19/38). Suppose z - 30305 = 2*k - 5*k, 2*z - 60566 = s*k. Is z composite?
False
Let o(r) be the second derivative of 25*r**4/4 - 5*r**3/3 - 13*r**2 - 10*r - 1. Is o(-7) composite?
False
Let v be 15/10*39/6*-4. Let l be v*(-4976)/40 - (-2)/5. Suppose l = 3*m + 1285. Is m prime?
False
Let z be (-1 + -4 + 6)*10. Suppose -z*h + 4*h + 240 = 0. Let g = 15 + h. Is g composite?
True
Let c(l) = -2*l**2 - 4*l - 1. Let v be c(3). Let y = v + 144. Is y composite?
False
Suppose -2*c + 2753 - 793 = 0. Suppose 13*b = 18*b - 8265. Let l = b - c. Is l a prime number?
True
Let l be 3656 + (-440)/(-152) + (-4)/(-38). Suppose r + 5*q = l, -4*r = q - 3*q - 14636. Is r composite?
False
Suppose -26 + 8 = 9*h. Is (-1*2)/(7/(19103/h)) a prime number?
True
Let d(w) = w**3 + 2*w**2 - 13*w - 16. Let b be d(-4). Suppose -b*m + 3520 = 4*o, 2*m - 929 - 837 = -4*o. Is m a composite number?
False
Let k(b) = 18*b**3 - b**2 - 6*b + 12. Let g be k(-5). Let i = -564 - g. Is i a composite number?
False
Let s = -38995 - -135062. Is s a composite number?
True
Suppose -a = 4*y - 267358, -3*y + 66847 = -2*y + 4*a. Is y composite?
True
Suppose -5*t + 2405 = h + 26605, -4*t + 3*h = 19379. Let n = t + 2558. Let k = n - -3638. Is k prime?
False
Let b = 224356 + 271551. Suppose 3*m + 130477 = b. Is m/45 + 3/27 a prime number?
True
Is 657258 + -2*(-1)/(-2) + 198 + -198 prime?
True
Let d = 105 + -103. Is -3*7401/(-18)*d composite?
False
Suppose 14651 = r - 2*t + 4648, t = 2. Is r a prime number?
True
Let d be (-14)/(-21) - (-64)/(-6). Let r be 64/d + (-12)/20. Let k(z) = 11*z**2 - 4*z - 10. Is k(r) a composite number?
False
Let x be (-12)/8*4/6. Let r be 2761 - x/(-3)*3. Let s = r + -959. Is s composite?
False
Suppose 18 = 7*k - 3. Suppose -k*r + 1 = -v - 1, -2 = r - v. Suppose 3*h = r*o + 4191, 5*h + 2*o - 6985 = -o. Is h prime?
False
Let z = 1487 - 577. Suppose 15*m - 10*m = -2455. Let q = m + z. Is q composite?
False
Suppose 18*s - 5128 = 17*s. Suppose -s = -2*f + 16150. Is f a prime number?
True
Let h = 295757 - -135642. Is h composite?
False
Suppose 2*v = -3*r - 245 - 49, 0 = -5*r - 3*v - 491. Let d be 18*(33/6 + -6). Let x = d - r. Is x prime?
False
Let r be 3*12/(-18) - -4. Suppose 602 = r*f + 4*n, -2*n + 1794 = 4*f + 614. Is f a composite number?
False
Suppose -19*f - f = -9*f - 11740289. Is f composite?
True
Suppose -9*g - 18*g - 54 = 0. Is -6 - -1831*(3 - g) a composite number?
True
Let q = 99 - 87. Suppose -4*j + 2*y - 10 = 0, -4*y + 32 - q = 0. Suppose z = -j*z + 2101. Is z a prime number?
False
Is -6*(-13 + 127856/(-12)) a composite number?
True
Let s(f) = -289*f + 88. Let r(k) = 289*k - 86. Let x(j) = 5*r(j) + 4*s(j). Is x(5) prime?
True
Suppose 0 = 4*f - 16, 8*m - 2810 = 5*m + 4*f. Let k = m - 629. Let c = 576 - k. Is c a composite number?
False
Let d(j) = -j**3 - 4*j**2 + 12*j + 17. Let q = -116 - -116. Suppose -40*x + 46*x + 48 = q. Is d(x) composite?
True
Let q(b) = 2*b**2 + 20*b - 63. Let s be q(20). Suppose 0 = 4*h + s - 19325. Is h prime?
True
Let y = -7054 - -9387. Is y composite?
False
Let o = 105139 - -12418. Is o a composite number?
True
Let w(r) = 61124*r - 196. Let i be w(-10). Is i/(-112) - (7/(-4) - -2) a prime number?
False
Is ((-1407545)/(-10)*2)/((-51)/(-51)) composite?
False
Let y(s) = -2296*s + 5. Let x be y(-2). Let k = 790 + x. Suppose -h = -2*r + 3598, 4*h + k = 3*r - 0*r. Is r composite?
False
Suppose 3*a + 5*c = 151196, 3*c + 16 - 1 = 0. Suppose 11*t - 320754 = -a. Is t prime?
False
Suppose -3*c + 5 + 20 = 2*i, 0 = -5*c + 25. Suppose -y + 1497 = 4*p, 3*p + 7507 = i*y + p. Is y prime?
False
Let l(h) = -21*h**3 - h**2 + 8*h - 31. Is l(-7) a prime number?
False
Suppose 26*z - s = 21*z + 785820, 0 = -z - 2*s + 157153. Is z a prime number?
True
Let c(r) = 67*r - 569. Let h(u) = -17*u + 142. Let s(f) = -2*c(f) - 9*h(f). Is s(18) a prime number?
False
Suppose 0*p + 2*p = 2430. Let a = -207 + 1005. Let d = p - a. Is d composite?
True
Let w(f) = 22*f**2 + 83*f - 96. Is w(-85) a prime number?
True
Let v(r) = -r**2 - 4*r + 5. Suppose -g + 3*o + 4 = 0, 2*g = 5*g + 5*o + 30. Let i be v(g). Is -83*(i - 1)*7 composite?
True
Suppose -1348946 - 24949 = -45*w. Is w prime?
False
Suppose 2*v + 12 + 30 = 0. Let j(t) be the second derivative of -t**5/20 - 19*t**4/12 - 5*t**3/6 - 29*t**2/2 + 108*t. Is j(v) prime?
False
Is (-10)/4*(-6 - (-200620)/(-25)) a prime number?
False
Is -1 - 42/(-46) - 94067505/(-5957) a composite number?
False
Let m(b) = -5*b**2 + 3*b - 793. Let o(f) = 5*f**2 - 3*f + 791. Let x(r) = -3*m(r) - 2*o(r). Is x(0) a prime number?
True
Suppose m + 2*t = 6*t + 2, 5*m + 9 = t. Is (-54)/(-135) - (m + 3283/(-5)) prime?
True
Suppose -c = -3*c - 9172. Let q = c - -9215. Is q prime?
False
Let f(y) = y**3 + 2*y**2 + 512. Let o be f(0). Suppose -4*l + 12 = 0, 0*b + 2*b - o = -2*l. Is 2*(b/2 + -1) composite?
False
Let u(j) = 40882*j**3 - j**2 + 21*j - 21. Is u(1) prime?
False
Let x(l) = 5*l**2 - 10*l + 26. Let h(t) = 6*t**2 - 10*t + 26. Let g(y) = -2*h(y) + 3*x(y). Is g(-11) composite?
False
Suppose -2*j + 2295 = j. Suppose 4*d - j = -a, -11*a + 3104 = -7*a + 5*d. Is a composite?
True
Suppose -1150*d + 3535722 = -1132*d. Is d a prime number?
True
Let w be (-2)/(-2) + (-5 - -14255). Suppose -3*b + 2*i = 2*b - 23700, -w = -3*b - 5*i. Is b composite?
True
Let v = -161913 - -273586. Is v prime?
False
Is (11 - 8)/(21/100387) prime?
True
Suppose 5*b - i - 8 = 0, 3*i - 4 - 2 = 0. Suppose 4*p - 4*u - 5692 = 0, p - b*u - 1151 - 269 = 0. Let f = p + -93. Is f prime?
False
Suppose 0 = 92*p + 57*p - 171467561. Is p a composite number?
True
Is (-2)/(-10)*80 - -210283 composite?
False
Let v(i) = -i + 50. Let r(n) = -n + 25. Let b(t) = -5*r(t) + 2*v(t). Let k be b(9). Suppose -3*w - 3*p = -4*p - 283, -w + k*p = -101. Is w prime?
False
Let o = 5195 - -3366. Is o composite?
True
Let q(c) = 10*c**3 + 3*c**2 + 9. Let z(u) = -u**2 + 12*u - 18. Let w be z(12). Let a be (-3 + w/(-10))*10/(-3). Is q(a) prime?
False
Suppose -3*r + 2*d = 2*r - 23906, -5*r - 2*d = -23894. Suppose r = 4*o - 872. Let v = o + -967. Is v a prime number?
False
Let b = 29 - 26. Let q be b/9*3*-204. Let h = q + 331. Is h a prime number?
True
Suppose 22*m + 15 = 17*m. Is 0 + m/(3/(-4754)) - 3 composite?
False
Let g(k) = 6*k + 35. Let x be g(-6). Is (-1 + 18150/(-11))/(x*1) a composite number?
True
Let a(y) = -y**3 + 5*y**2 + 3*y + 4. Let k be a(5). Let m(g) = -15*g - 146 + 0*g**2 + 167 + g**2. Is m(k) prime?
True
Suppose 5*f + 73 = -12. Let y(l) be the second derivative of -14*l**3/3 - 33*l**2/2 - 3*l. Is y(f) a prime number?
True
Suppose -874276 = -48*d - 96676. Suppose -9*t + 62523 = d. Is t a composite number?
False
Let k(l) = -1177*l + 5. Let h be k(-2). Let d = h + -1040. Is d a prime number?
True
Is 80519 + (-9 - -12 - (1 - 0)) prime?
False
Let x be (2/(-8))/((-2)/16). Let c be (-1)/(x + -3) + 0. Is c + (-1 - -378) - -1 a prime number?
True
Let x(r) = 17*r**2 - 1273 + 7*r**2 + 1181 + 13*r. Is x(13) composite?
False
Let r be (-535116)/(-10) - (6 - (-224)/(-35)). Suppose 3*p - 35466 = -k + 4672, 4*p = 4*k + r. Is p prime?
False
Let l(n) = -66*n**2 - n - 5. Let j be l(-2). Let w = -88 - j. Is w a composite number?
False
Let t = -12 + 71. Let u = 763 - t. Let f = u + -7. Is f a composite number?
True
Suppose 0 = -17*q + 8897 + 1915. Suppose 4*w - 5 - 127 = 0. Let j = w + q. Is j prime?
False
Is ((-679755)/(-15))/(8 - 7) composite?
False
Let k = -42323 + 75780. Is k composite?
False
Let o be (-5 - 171/(-33)) + 159/33. Is o + ((-2)/(-5) - (-74724)/15) prime?
True
Let k(u) = u**3 - 10*u**2 - 2*u + 20. Let h be k